+ 3. What is v(-4)?
-93
Let v(s) = 26*s**2 - 372*s - 372. What is v(-1)?
26
Let x(v) = 50*v - 9003. What is x(181)?
47
Let v(z) = -7*z**3 - 313*z**2 - 218*z + 84. Calculate v(-44).
-4
Let w(s) = -s**3 - 11*s**2 + 2*s + 49. Calculate w(-11).
27
Let c(b) = -3732*b - 22405. Give c(-6).
-13
Let k(y) = 5*y**2 + 40*y - 635. Give k(-16).
5
Let o(i) = 589*i - 2364. Calculate o(4).
-8
Let l(x) = -x**2 - 8*x + 159. Give l(18).
-309
Let w(l) = 9*l + 111. Determine w(-21).
-78
Let n(y) = y**2 + 85*y + 198. What is n(-83)?
32
Let k(w) = -4*w**2 + 390*w - 174. Determine k(97).
20
Let x(o) = 637*o + 59883. Calculate x(-94).
5
Let l(s) = -4*s - 37. Determine l(3).
-49
Let v(o) = -o**3 + 85*o**2 - 744*o - 63. Give v(10).
-3
Let m(l) = l**3 - 7*l**2 - 499*l - 2. Give m(0).
-2
Let q(h) = 1183*h - 17746. Give q(15).
-1
Let h(g) = -99*g + 1791. Give h(18).
9
Let j(g) = -g**3 + 5*g**2 + 56*g - 249. What is j(8)?
7
Let h(c) = 60*c - 3602. Determine h(61).
58
Let p(x) = 2*x**2 + 7*x + 147. Calculate p(-8).
219
Let b(j) = 20*j**2 - 29*j + 63. Calculate b(2).
85
Let r(l) = -6*l**3 + 75*l + 144. Calculate r(-2).
42
Let z(r) = r - 6. What is z(-10)?
-16
Let n(m) = -m**3 + 14*m**2 - 19*m + 78. Give n(13).
0
Let k(w) = w**3 - 30*w**2 + 55*w - 71. Give k(28).
-99
Let p(r) = 2*r**3 + 175*r**2 - 273*r - 583. Give p(-89).
-49
Let b(f) = -f**3 - 11*f**2 - 7*f + 15. Calculate b(-11).
92
Let d(u) = 54*u - 1671. What is d(31)?
3
Let q(j) = j**2 + 336*j + 2620. Calculate q(-8).
-4
Let d(r) = -r**2 + 74*r + 840. What is d(84)?
0
Let q(h) = -2*h**3 - 17*h**2 - 54*h - 281. Give q(-8).
87
Let w(z) = -2*z**3 - 19*z**2 + 55*z + 459. Calculate w(-10).
9
Let n(p) = 265*p - 3227. What is n(12)?
-47
Let j(f) = f**3 + 33*f**2 - 74*f - 163. Give j(-35).
-23
Let j(c) = -15*c**3 - 62*c**2 - 17*c + 12. Calculate j(-4).
48
Let n(w) = -w**3 + 2*w**2 - 30*w + 9. What is n(0)?
9
Let o(v) = 79*v**2 + 12*v + 13. What is o(-1)?
80
Let g(h) = 115*h - 2300. Calculate g(20).
0
Let r(i) = -i**3 + 111*i**2 - 326*i + 224. What is r(108)?
8
Let o(r) = -r**3 + 29*r**2 - 24*r + 8. What is o(28)?
120
Let u(l) = 5*l**2 - 26*l + 12. Give u(-9).
651
Let h(f) = 502*f + 56219. Give h(-112).
-5
Let i(b) = 11*b - 45. Calculate i(-3).
-78
Let x(k) = k**3 - 3*k**2 - 6*k + 4. Give x(4).
-4
Let u(w) = 557*w + 36671. Determine u(-66).
-91
Let q(p) = -p**3 - 12*p**2 - 3*p + 12. Give q(-11).
-76
Let q(p) = 90*p**2 - 629*p + 1. Give q(7).
8
Let u(z) = -11*z + 168. Calculate u(10).
58
Let a(l) = -3*l**2 - 4*l + 21. Give a(-5).
-34
Let m(y) = y**3 + 14*y**2 + 22*y + 13. Calculate m(-3).
46
Let p(g) = -2*g**2 + 8*g - 15. Determine p(9).
-105
Let o(b) = 2*b**3 + 25*b**2 + 5*b - 87. What is o(-12)?
-3
Let n(h) = 6*h + 498. Give n(-50).
198
Let q(z) = -z**3 - 10*z**2 + 25*z + 23. Determine q(-13).
205
Let g(z) = 8*z**3 + 5*z**2 + 3*z + 2. Give g(-2).
-48
Let f(x) = -x**2 + x - 11. Calculate f(6).
-41
Let o(k) = -14*k**3 - 7*k**2 + 5*k + 4. Give o(1).
-12
Let s(b) = -b**2 + 61*b + 187. Calculate s(-3).
-5
Let q(h) = 2*h**3 - 30*h**2 - 27*h - 126. Give q(16).
-46
Let c(n) = 46*n + 24. Calculate c(-2).
-68
Let b(a) = -a**3 - 47*a**2 + 57*a + 439. Give b(-48).
7
Let w(c) = 2*c**3 - 4*c**2 + 9*c - 23. What is w(3)?
22
Let s(l) = 3*l**2 - 50*l - 63. What is s(19)?
70
Let b(p) = 2*p**2 + 2*p - 138. Determine b(-9).
6
Let i(r) = 4*r**2 - 618*r + 918. Give i(153).
0
Let u(a) = -11*a**2 + 12*a. Give u(2).
-20
Let a(r) = 1099*r - 1095. Determine a(1).
4
Let p(i) = 43*i - 1416. Determine p(33).
3
Let p(k) = -k**2 + 58*k - 650. What is p(16)?
22
Let k(l) = -l**3 + 2*l**2 + 75*l - 2. What is k(-8)?
38
Let n(y) = 2*y**3 + 48*y**2 - 5*y - 122. Calculate n(-24).
-2
Let b(m) = m**3 + 9*m**2 + 22*m + 196. Give b(-9).
-2
Let l(k) = 3*k + 63. Give l(18).
117
Let g(y) = 346*y + 1477. What is g(-4)?
93
Let k(g) = -g**3 - 30*g**2 - 28*g + 39. Give k(-29).
10
Let j(h) = 7*h + 23. Give j(15).
128
Let u(k) = -2*k**3 - 33*k**2 - 30*k - 214. Give u(-16).
10
Let z(t) = 3*t**3 - 8*t**2 + 11*t - 27. Calculate z(3).
15
Let p(j) = -3*j**2 + 44*j + 52. What is p(20)?
-268
Let v(n) = -n**2 - 188*n - 6341. Calculate v(-44).
-5
Let r(h) = -3278*h - 173733. Give r(-53).
1
Let c(n) = -126*n**2 + 13*n - 12. What is c(1)?
-125
Let n(t) = t**3 - 50*t**2 - 334*t - 2. Calculate n(-6).
-14
Let c(r) = -r**2 - 29*r - 70. What is c(-32)?
-166
Let x(c) = -c**3 - 3*c - 17. Give x(4).
-93
Let f(g) = -g**2 + 769*g + 142138. Calculate f(-154).
-4
Let p(c) = c**3 + 109*c**2 + 213*c - 108. Calculate p(-107).
-1
Let i(a) = -20*a**3 + 2*a**2 + 27*a - 28. Give i(1).
-19
Let d(g) = -65*g**3 + 11*g**2 + 10*g - 2. Determine d(-1).
64
Let i(o) = -25*o + 821. Give i(26).
171
Let k(v) = -5*v**3 + 16*v**2 - 67*v + 4. Calculate k(4).
-328
Let k(c) = 2*c**3 - 64*c**2 + 220*c - 7054. What is k(32)?
-14
Let l(t) = -18*t - 15. Determine l(-7).
111
Let i(w) = -2*w**2 + 177*w - 2488. Calculate i(71).
-3
Let f(v) = -v**3 - 10*v**2 + 11*v + 119. Give f(-9).
-61
Let c(d) = -241*d - 2539. What is c(-10)?
-129
Let d(v) = -2*v**2 + 150*v + 13202. Determine d(127).
-6
Let x(g) = -258*g - 28130. Calculate x(-109).
-8
Let j(s) = -2*s**3 + 45*s**2 + 69*s + 101. What is j(24)?
29
Let v(d) = 4*d**3 - 171*d**2 - 213*d + 11. Calculate v(44).
319
Let z(b) = b - 107. What is z(22)?
-85
Let b(y) = 31*y + 452. Calculate b(-21).
-199
Let m(h) = h**3 - 26*h**2 + 5*h + 1023. Calculate m(24).
-9
Let w(z) = 6*z - 9. Determine w(4).
15
Let q(j) = -144*j - 7632. Give q(-53).
0
Let w(x) = x**3 - 4*x**2 - 5*x + 8. Calculate w(-5).
-192
Let z(d) = -2*d**2 + 43*d - 116. What is z(0)?
-116
Let h(i) = 34*i + 140. Calculate h(-7).
-98
Let l(k) = -67*k - 154. What is l(-4)?
114
Let j(n) = n**3 - 15*n**2 - 47*n - 129. Determine j(18).
-3
Let n(d) = -d**3 + 47*d**2 + 94*d + 166. What is n(49)?
-30
Let h(q) = q**2 - 9*q - 226. What is h(0)?
-226
Let n(i) = 11*i**2 + 454*i + 903. Give n(-2).
39
Let d(q) = -116*q - 576. Give d(-5).
4
Let i(r) = -31*r**2 - 171*r - 2. What is i(0)?
-2
Let r(i) = -2*i**2 - 113*i + 767. Determine r(-66).
-487
Let n(x) = -24*x + 589. Determine n(50).
-611
Let b(u) = -16*u**2 - 798*u - 3184. Give b(-4).
-248
Let r(z) = -84*z**2 - 1178*z - 1178. Give r(-1).
-84
Let b(k) = -k**3 - 2*k**2 + 29*k + 25. Calculate b(-8).
177
Let p(t) = -4*t**2 + 646*t - 306. What is p(161)?
16
Let d(s) = -s**3 - 8*s**2 - 5*s + 66. What is d(-6)?
24
Let p(l) = 27*l - 108. Determine p(4).
0
Let u(v) = -5*v**3 + 63*v**2 - 36*v - 17. Determine u(12).
-17
Let n(u) = 4*u + 102. Calculate n(0).
102
Let x(a) = -1004*a + 8023. What is x(8)?
-9
Let y(b) = -2*b**3 + 104*b**2 - 62*b + 3216. Determine y(52).
-8
Let w(m) = -13*m**2 - 40*m - 43. Determine w(7).
-960
Let k(v) = -v**3 - 21*v**2 + 37*v + 332. Calculate k(-22).
2
Let v(t) = -2*t**3 + 21*t**2 + 575*t + 14. Calculate v(23).
14
Let g(k) = -198*k**2 - 23*k. Calculate g(1).
-221
Let a(t) = 498*t + 2494. Calculate a(-5).
4
Let w(f) = -229*f + 932. What is w(4)?
16
Let l(s) = -99*s + 4162. Calculate l(42).
4
Let j(q) = -2*q**3 + 41*q**2 - 54*q - 61. Determine j(19).
-4
Let d(n) = -n**3 - 12*n**2 - 27*n + 32. What is d(-5)?
-8
Let w(c) = -c**3 - 21*c**2 + 46*c - 30. Give w(-23).
-30
Let w(a) = -3*a**2 + 142. What is w(9)?
-101
Let u(b) = -b**2 + 8054*b - 40239. Give u(5).
6
Let z(n) = -6*n**3 + n**2 + 15*n - 1. Calculate z(-5).
699
Let s(i) = -6*i**2 + 115*i + 1519. Give s(-9).
-2
Let f(t) = -516*t - 3664. Calculate f(-7).
-52
Let v(s) = -3*s**3 - 86*s**2 + 30*s + 28. What is v(-29)?
-1
Let r(l) = 7*l - 183. Give r(34).
55
Let h(v) = -249*v + 550. Give h(2).
52
Let h(s) = 3*s**2 + 137*s - 224. What is h(-44)?
-444
Let r(s) = s**3 + 13*s**2 - 4*s + 425. Give r(-16).
-279
Let y(r) = -28*r**2 + 29*r + 61. Calculate y(-2).
-109
Let z(h) = h**2 + 184*h + 4724. Determine z(-153).
-19
Let a(v) = -121*v + 9189. Calculate a(76).
-7
Let m(r) = -r**3 + 12*r**2 + 57*r + 108. Calculate m(16).
-4
Let q(o) = o**2 + 43*o - 189. What is q(4)?
-1
Let t(b) = -50*b + 283. Determine t(6).
-17
Let h(a) = -35*a + 300. Give h(8).
20
Let j(y) = 226*y - 1. What is j(0)?
-1
Let g(c) = 6*c**2 + 450*c + 1705. Give g(-71).
1
Let n(x) = 2*x**2 + 57*x - 134. What is n(-30)?
-44
Let k(c) = c**2 + 21*c - 89. Give k(-27).
73
Let t(m) = -325*m - 53284. Calculate t(-164).
16
Let f(u) = -u**3 + 8*u**2 + 9*u + 8. Determine f(-5).
